er when l is divided by 10?
8
Suppose -52 = 3*d - 295. Let i be (6/(-12))/((-2)/176). Let x = d - i. Calculate the remainder when x is divided by 20.
17
Suppose -2*t - 112 = 2*t. Let q = 43 + t. What is the remainder when (-88)/(-2) - (1 - -1) is divided by q?
12
Let a(f) = -6*f**3 - 7*f**2 + 17*f + 10. Let y = -42 - -96. What is the remainder when a(-4) is divided by y?
52
Suppose -2*x = v + 2*v + 229, 550 = -5*x - 3*v. Let c = x + 142. Calculate the remainder when 64 is divided by c.
29
Suppose -4 = -2*b + 4. Suppose b*p - 255 = p. Suppose 25*o = 3*i + 28*o - 63, -i + 18 = 4*o. What is the remainder when p is divided by i?
19
Calculate the remainder when 6*(-3)/(-12)*50 is divided by 6.
3
Suppose -104 - 55 = -10*m - 29. Let q(g) = -g**2 - 6*g - 5. Calculate the remainder when m is divided by q(-4).
1
Suppose -r + 3 = -4*s, 4*r + r + 2*s = 37. Suppose 0 = r*v - 386 + 43. What is the remainder when v is divided by 13?
10
Let c(f) = -f**2 - 17*f - 13. Let a(l) = -2*l**2 - 34*l - 26. Let h(r) = -2*a(r) + 5*c(r). Calculate the remainder when h(-6) is divided by 14.
11
Suppose 15*g - 22*g + 140 = 0. Suppose 12 = 4*v, x + 2*v = -2*v + 51. What is the remainder when x is divided by g?
19
Let d = -81 + 33. Suppose 0*q - 3*t + 156 = -2*q, 320 = -4*q + 2*t. Let y = d - q. Calculate the remainder when y is divided by 18.
15
Let w = 5 - -13. Let r(j) = -j**2 + 10*j + 1. What is the remainder when w is divided by r(9)?
8
Let y(t) = -t**3 - 12*t**2 + 12*t - 11. Let r be y(-13). Suppose 0 = r*w + 3*w - 50. Let m = 6 + 23. Calculate the remainder when m is divided by w.
9
Let h(t) = t**2 + 6*t - 24. Calculate the remainder when 173 is divided by h(4).
13
Let t(s) = s**3 + 18*s**2 - 21*s - 24. Suppose -2*r + 10 = -42. Let f = -45 + r. Calculate the remainder when t(f) is divided by 5.
4
Let k = -647 - -651. What is the remainder when 24 is divided by k?
0
Suppose b + 3*b = -q + 4752, b - 5*q = 1167. What is the remainder when b is divided by 35?
32
Let u(y) = 10*y**2 - 8*y - 9. What is the remainder when 148 is divided by u(-2)?
7
Let b = 139 + -286. Let u = -132 - b. Calculate the remainder when u is divided by 4.
3
Suppose 2 = 2*i, 0*i - 57 = -4*d - 5*i. Let f(r) = -9*r - 2. Suppose -2 = -4*z - 6. What is the remainder when d is divided by f(z)?
6
Let w(z) = 48*z**2 + 1. Let p = 1 - 4. Let o(b) = -3*b + 4. What is the remainder when w(-1) is divided by o(p)?
10
Let b = 1594 + -1476. What is the remainder when 589 is divided by b?
117
Suppose 0 = q + p - 0*p - 34, -3*q - 4*p = -98. Suppose 3*m - 7 = q. Suppose -4*f = x + 4*x - 95, -m = 3*f. What is the remainder when x is divided by 8?
7
Let p = 67 + -45. Let o be (-34 - 2)*5/(-3). Suppose 2*j - o = -3*j. What is the remainder when p is divided by j?
10
Suppose -7 + 357 = 2*a. What is the remainder when a is divided by 39?
19
Let r = -10 + 13. Suppose 18 = 2*f - r*b - 13, -3*f + b + 43 = 0. Suppose -m + 27 = -0*m. What is the remainder when m is divided by f?
13
Let j(x) = 3*x + 24. Let p = 32 + -38. Calculate the remainder when 15 is divided by j(p).
3
Suppose 4*w + 5 = 5*w. Suppose 5*c = 2*o - w*o + 48, 0 = -c + 2*o + 7. Suppose -3*g = 0, -4*j + g + g + 12 = 0. What is the remainder when c is divided by j?
0
Suppose 2*i - 5*u = 15, -4*u = -9*i + 12*i - 80. Calculate the remainder when 77 is divided by i.
17
Suppose -3*t - 5*v = -152, 4*v = t + t - 72. What is the remainder when t is divided by 2?
0
Let o(i) = i**2 + 7*i + 11. Calculate the remainder when 409 is divided by o(-10).
40
Let g = 55 - 53. Suppose -g*s + 139 = -r, -2*r - 2*r + 12 = 0. What is the remainder when s is divided by 12?
11
Let f(t) = -t**3 + 7*t**2 + 7*t + 6. Let u be 9 + 0 - (13 + -11). Let a be f(u). Let p = -32 + a. Calculate the remainder when p is divided by 5.
3
Suppose -q = -5*h - 4, 2*h = q - h - 8. What is the remainder when 250 is divided by q?
12
Suppose 2*f = 6*q - 3*q + 12, -5*f = -3*q - 12. Suppose f*m + 2*m - 17 = 3*b, 4*b = 4*m - 24. What is the remainder when 2 is divided by m?
0
Let d be (-6 + 11)*-1*3. Let t = 24 + d. Calculate the remainder when 34 is divided by t.
7
Suppose 9*i - 12 = 6*i. What is the remainder when -122*(i + 1)/(-10) is divided by 14?
5
Let c(p) = -p**2 + 16*p - 3. Let h be c(9). Suppose -h + 16 = 4*t. Let l(o) = o**3 + 10*o**2 - 17*o - 13. What is the remainder when l(t) is divided by 14?
11
Let v = -1 - -17. Let i = 227 - 103. Let y = i + -61. Calculate the remainder when y is divided by v.
15
Suppose -6 - 2 = z. Let p(l) = -l**2 - 11*l - 10. Suppose 0 = -2*a - 0*a + 82. Calculate the remainder when a is divided by p(z).
13
Let o be 1 + 12/(-2)*(-136)/24. Suppose 13*s = 14*s - o. What is the remainder when 173 is divided by s?
33
Let a be (-11)/(-5)*35/7. Suppose 5*v - a = q, -26 = -5*q + 3*v - 5*v. Calculate the remainder when 9 is divided by q.
1
Let u(h) = 10*h - 20. Let k be 3/6 - (-55)/10. Calculate the remainder when u(k) is divided by 11.
7
Let a(h) = -h**2 + 8*h - 4. Let v be a(6). Suppose -5*l = -6*l + v. Suppose 0*m + m = -5*j + l, -3*m + 38 = j. What is the remainder when 51 is divided by m?
12
Calculate the remainder when -4 + 1 - (-3 - (118 - 10)) is divided by 11.
9
What is the remainder when 141 is divided by -7 + (-6886)/(-143) + (-2)/13?
18
Let u be -3*1*(-740)/30. Let q = u + 56. Let y = 202 - q. Calculate the remainder when y is divided by 19.
15
Suppose -8 = -4*w + 24. Suppose 3*k = 2*n - 2*k + 77, 5*k = n + 51. Let b = -13 - n. What is the remainder when b is divided by w?
5
Suppose -a - 3*a - 90 = -5*k, -a = 5*k - 115. Let f(r) = -r**2 + 23*r - 3. What is the remainder when 31 is divided by f(k)?
12
Let o be 31 + -3 + 4 + -5. Let b(n) = -2*n - 2. Let z be b(-8). Let q = o - z. What is the remainder when 36 is divided by q?
10
Let r(u) = -u**3 - 6*u**2 + 5*u - 6. Let k be r(-7). Suppose 2 + k = 5*x. Suppose n + 5 = x*n. What is the remainder when n is divided by 4?
1
Let r(f) = 3*f - 12. Let n(b) = 2*b - 1. Calculate the remainder when n(3) is divided by r(5).
2
Let z(p) = p**2 + 8*p - 393. What is the remainder when 318 is divided by z(-25)?
30
Let u = -150 - -165. Let q = 58 - 0. Calculate the remainder when q is divided by u.
13
Suppose -4*c + 318 - 110 = 0. Suppose -y = 3*g - 4*y + 15, g + 20 = 4*y. Suppose 4*s = -g*s + c. What is the remainder when 24 is divided by s?
11
Suppose 3*u - 4*f = -2*u - 62, -3*f = 5*u + 41. Let y(p) = -11*p - 13. Calculate the remainder when y(u) is divided by 20.
17
Let t(h) = -h**3 - 5*h**2 + 2*h - 1. Let a be t(-8). Suppose a = 5*n - 20. What is the remainder when n is divided by 15?
9
Let o = 3 - -11. Suppose 0 = 2*y + 3*y + q - 824, 5*y - 3*q = 828. Let s = -112 + y. What is the remainder when s is divided by o?
11
Suppose -4*m + m + 30 = 0. Let j = m - 6. Let n = j - 0. Calculate the remainder when 10 is divided by n.
2
Let c = -25 - -16. Let j = 77 - c. What is the remainder when j + 4 + (1 - 1) is divided by 23?
21
Let x = 1266 + -1004. Calculate the remainder when x is divided by 46.
32
Suppose -2*l + 5*l - z = 14, -5*l - 4*z - 5 = 0. Suppose -r + 8 = l*h - h, -4*h - 16 = 0. Calculate the remainder when r is divided by 7.
2
Suppose -23455 = -66*y + 1493. What is the remainder when y is divided by 95?
93
Suppose -2*w = z + 6, -3*z - 8 = -0*w - 4*w. Let m = 2 + z. What is the remainder when (-3 - 2*m) + 36 is divided by 13?
11
Suppose 598 = -867*w + 880*w. Calculate the remainder when 87 is divided by w.
41
Calculate the remainder when 192 is divided by 40/6*(495/36 - 10).
17
Suppose -298 = -3*u + 4*k, -2*u + 0*k - 5*k = -237. What is the remainder when u is divided by 18?
16
Suppose -3*g + 2 + 31 = 0. Let h(c) = 3*c**3 - 47*c**2 + 33*c - 3. What is the remainder when h(15) is divided by g?
9
Let o(y) = 11*y**3 - y**2 + y. Let u be o(1). Let z(j) = 3*j - 16. What is the remainder when 99 is divided by z(u)?
14
Let p(u) be the first derivative of 22*u**3/3 + 2*u**2 - 7*u + 16. Calculate the remainder when p(2) is divided by 9.
8
Suppose 8*h = 49 + 103. Let c = h + 14. What is the remainder when c is divided by 7?
5
Suppose 18 = s + 20, 0 = -5*v - s + 923. Calculate the remainder when v is divided by 27.
23
Suppose d - 8 + 0 = -2*o, -4*o + 4*d - 8 = 0. Let z(r) = 2*r**3 - 2*r**2 + 8*r - 1. Calculate the remainder when 160 is divided